Let g be 3/(-12) - 41/(-4). Suppose g*b = 2*b + 624. Suppose -b = -5*k - 2*t + 648, 2*t = 6. What is the hundreds digit of k?
1
Suppose -2*u = u + 2*t - 78911, -52614 = -2*u + 2*t. What is the tens digit of u?
0
Let v be (6 + -5)/(1/(-1361)). Let k = v - -2115. What is the hundreds digit of k?
7
Suppose -3*k - 3*g = -15, -2*g = -k + 2*k - 9. What is the thousands digit of (-6)/k + -2 + 1018?
1
Suppose -q = -b + 173, -32*b - q = -27*b - 889. Let l = 420 - b. What is the tens digit of l?
4
What is the units digit of (-48046)/(-16) - 192/(-1536)?
3
Let v(g) = -g**2 - 9*g - 3. Let n be v(-11). What is the units digit of (n + (-78)/(-13))/(-1*1)?
9
Suppose 4*k - 255344 = -z - 3*z, -4*k + 255319 = -z. What is the hundreds digit of k?
8
Suppose -26*t + 196045 + 90193 = -102254. What is the units digit of t?
2
Let c(f) = -f**3 + 12*f**2 + 2*f - 17. Let b be c(12). Suppose b = 7*p - 28. Suppose 0 = t - p*l - 94, 2*l - 86 = -t + 3*l. What is the units digit of t?
4
Let d be 2448/80 - 2/(-5). Suppose -i = 3*a - 66, -2*i + i + d = -4*a. What is the tens digit of i?
5
What is the tens digit of 6 + (65 - 86)*(-1836)/7?
1
Let q be (1 - 6)*(6084/65)/18. What is the hundreds digit of q*(-147)/2*(-14)/(-42)?
6
Suppose -96*v + 2244110 = 1844845 - 4677599. What is the thousands digit of v?
2
Let b(v) = -7*v - 5. Let t be b(-1). Let r(s) = 3*s**3 - 4*s**2 - s - 2. Let d be r(t). What is the units digit of 1 + (-4)/d - -77?
7
Suppose 3*g + 2*d + 3 = 0, -13*d - 13 = -4*g - 10*d. What is the units digit of -13*(-3 + g) + (-12 - -16)?
0
Suppose -5*b = -109 - 311. Let o = 59 - b. Let p = o - -81. What is the tens digit of p?
5
Suppose -n = l - 4*n - 34, 3*l - 5*n = 110. Let x = -35 + l. Suppose -y + 2*r = -78, -196 = -x*y - 2*r + 206. What is the units digit of y?
0
Let t(k) = -7*k**2 - 32*k - 19. Let i(s) = -4*s**2 + 24*s**2 + 14 + 44 + 96*s. Let q(u) = -6*i(u) - 17*t(u). What is the hundreds digit of q(-18)?
2
Suppose 0 = -5*j + 2*i + 189, 3*i - 175 = -5*j - 2*i. Suppose -3*y + 336 = -0*q - 2*q, -4*q + 468 = 4*y. Let z = y - j. What is the units digit of z?
7
Let r(h) = 2*h - 32. Let i(f) = -2*f + 66. Let j(b) = 2*i(b) + 5*r(b). What is the tens digit of j(18)?
8
Suppose 22885 = 2*u - 5*x, 7*u - 10*u + 3*x = -34332. What is the thousands digit of u?
1
Suppose -28*q + 21*q = 77. Let n(i) = -2*i**3 - 21*i**2 - 4*i - 38. What is the hundreds digit of n(q)?
1
Suppose 10897 = 2*l + 2*x - 13097, x = 5*l - 59991. What is the tens digit of l?
9
Let v be (-2435)/(-4) + ((-20)/(-4))/20. Suppose 1053 = 6*z - v. What is the tens digit of z?
7
Let h be 0 + 2 + (-34)/17. Suppose h = 3*z, 0 = 2*n + 2*n - 2*z - 1472. What is the units digit of n?
8
Let a = 641 - 337. Suppose 42*l - 38*l - a = 0. Suppose 0*u - 3*b = u - l, 3*u - b = 248. What is the tens digit of u?
8
Let p = 37 + -35. Let n be (p + -1 + 0)/(1/441). Suppose n = 8*x - x. What is the tens digit of x?
6
Let i = -460 + 461. What is the thousands digit of 4/((-12)/(-3183))*i?
1
Let i be 1053/(-207) + 4/46. What is the tens digit of (-99)/((i/10*2)/1)?
9
Suppose 202 = 4*i - 2*k, 2*i - 106 = 3*k - k. Let f = 195 - i. Suppose -4*n + 427 - f = 0. What is the tens digit of n?
7
Suppose -5*g + 8*f = 12*f - 71841, 0 = 3*f - 12. What is the thousands digit of g?
4
Suppose 40*m - 42*m - 1502 = 0. Let k = -494 - m. What is the tens digit of k?
5
Let k = 13003 + -2302. What is the thousands digit of k?
0
Suppose -4*g + 5*i = -2708, -4*g + i + 2708 = 3*i. Let s = g + -444. What is the tens digit of s?
3
Let n = -41 + 73. Suppose -34*u + n*u = -844. What is the tens digit of u?
2
Let a(p) be the third derivative of 9*p**2 + 0 + 1/6*p**3 + 0*p - 1/12*p**4. What is the units digit of a(-5)?
1
Let i(s) = -1559*s - 5. Suppose 1 = 5*q - 3*r, 3*r = -3*q + 5*r. Let d be i(q). What is the tens digit of (3/4)/(d/(-780) + -4)?
9
Let j(r) = r**3 + 3*r**2 + 3*r + 2. Let k be j(-2). Suppose k = 3*u - 14 - 7. Suppose 3*z + 2*x = u*x + 127, -3*z + x + 119 = 0. What is the tens digit of z?
3
Let b(p) = 156*p + 2404. What is the tens digit of b(-4)?
8
Let c(f) = 76*f + 6. Let i be c(-6). Let a = i - -975. What is the hundreds digit of a?
5
Let n(l) = -6*l - 24. Let w be 12*((-2 + -2)/8)/(-1). Let p be n(w). Let t = 164 + p. What is the tens digit of t?
0
Suppose -484 = -c + 4*s, -1028 = -2*c + s - 5*s. Let b = c - -103. What is the hundreds digit of b?
6
Let p(j) = 17*j**3 - 14*j**2 - 5*j - 190. What is the units digit of p(16)?
8
Let t be 1/(((-8)/(-12))/2). Suppose 3*s - 2 = -8, s = t*y - 20. What is the units digit of y*1/2 + 173?
6
Suppose 1027935 + 2780621 = 148*s - 5352496. What is the tens digit of s?
9
Suppose 45 - 33 = -2*d. What is the units digit of 11032/40 - (d/(-15))/(-2)?
6
Let i(f) = f**2 - 12*f + 22. Let l be i(10). Suppose -5*b - 3*c + 1304 = -l*c, 5*b - 2*c = 1307. Suppose b + 74 = 5*h. What is the tens digit of h?
6
What is the hundreds digit of 3/(-6) - -2 - (66095/(-10) + 0)?
6
Let m(g) = -702*g - 2213. What is the hundreds digit of m(-6)?
9
Let m(r) = r**2 + 16*r - 14. Let d(i) = -i**3 + 4*i**2 + 10*i - 8. Let k be d(5). What is the hundreds digit of m(k)?
5
Let h(m) = -20*m - 218. Let l be h(-21). Let c = 780 + l. What is the tens digit of c?
8
Let t(z) = 2*z**3 - 4*z - 2. Let x be t(4). Suppose -2*s = -2*r - 0*r + 186, -3*s = 9. Suppose -2*d + r = -x. What is the hundreds digit of d?
1
Let w be -39 + 48 + (1 - 5). Suppose 27 = b - w. What is the units digit of b?
2
Let m be -15 - -8 - (1 - 4). Let y be ((-1)/(-3))/((-1)/(-3)). What is the tens digit of ((-1)/m)/(y/356)?
8
Let j(l) = 436*l + 817. What is the ten thousands digit of j(32)?
1
Let q be (-2)/12 - (-143)/66*1. Suppose -5*w = 3*f - 1407, 3*f - 1407 = -q*w + 5*w. What is the tens digit of f?
6
Suppose -r + 12151 - 3326 = -c, -4*c - 8810 = -r. What is the units digit of r?
0
Suppose -4*d - 32094 = 5*v - 100158, 3*v - 85067 = -5*d. What is the ten thousands digit of d?
1
Suppose -u - 18*u - 30*u + 1023855 = 0. What is the ten thousands digit of u?
2
Let f(u) = -5*u**3 - 6*u**2 - 1. Let a = 211 + -214. What is the units digit of f(a)?
0
Let b(u) = 4*u**2 - 7*u - 13. Let k(y) = y**2 - y - 1. Let m(o) = 3*b(o) - 21*k(o). Let c(h) be the first derivative of m(h). What is the tens digit of c(-1)?
1
Suppose 58*i - 359626 - 349482 = 0. What is the ten thousands digit of i?
1
Suppose 0 = -15*f + 47265 + 68820. What is the tens digit of f?
3
What is the units digit of (9/(-33) - 7/77*195)*-948?
4
Suppose -22958 = 14*g - 5*g - 109016. What is the thousands digit of g?
9
Let p = -693 - -1103. Let c = p + -57. What is the hundreds digit of c?
3
Let l(v) = 7*v + 3. Let n be 10/(((-10)/(-3) - 3)*-2). Let j = 17 + n. What is the units digit of l(j)?
7
Let f be (5/10)/(1/38). Let a = 559 + -471. Let g = a + f. What is the units digit of g?
7
Suppose -4*q = -4*v - 69988, -v = 391*q - 393*q + 34997. What is the units digit of q?
0
Let p(t) = -2151*t + 1912. What is the tens digit of p(-12)?
2
Suppose r - 22*x = -27*x + 20735, 3*r + 2*x - 62153 = 0. What is the tens digit of r?
1
Suppose 52 = 4*i - 28. Suppose 4*l - 35 = s, 3*s + i = l - s. Suppose -147 = -t - l. What is the tens digit of t?
3
Let z(a) be the second derivative of 83*a**3/6 - 13*a**2/2 - 2*a + 30. What is the units digit of z(4)?
9
Suppose -308*w + 151*w = -154*w - 32670. What is the tens digit of w?
9
Let g(c) = -89*c - 5. Suppose 10 - 13 = n. Let z be g(n). Suppose z = 4*m - 5*x, x + 131 = 5*m - 186. What is the units digit of m?
3
Let y(j) = -j**2 + 11*j + 8. Let f be y(10). Suppose -f*p - 220 = -14*p. Let c = 107 - p. What is the tens digit of c?
6
Let w(g) = -1735*g + 1706. What is the ten thousands digit of w(-34)?
6
Let o(q) = q**2 - 2*q - 11. Let d be o(-3). Suppose -2*v + 5*x + 223 = 0, v - d*x + 369 = 4*v. What is the units digit of v?
9
Let j = 1487 - 829. Suppose -4*d - 3*c = -j, -3*d + 0*c + 479 = -5*c. What is the tens digit of d?
6
Suppose 4*v = -2*r + 46730, 0 = -4*v + 3*r + 47225 - 510. What is the units digit of v?
1
Let h(g) = 2*g**2 + 3*g - 31. Let r be h(-5). Suppose 5*m + 955 = 5*u, -r*m - m = -3*u + 581. What is the units digit of u?
7
Let f be 2624 + (70/14)/(2 - 1). Suppose 18971 + f = 25*q. What is the units digit of q?
4
Suppose -9*l + 11*l + 28 = -4*q, -4*l + 3*q = 1. What is the tens digit 